{"id":1330,"date":"2024-03-28T08:37:37","date_gmt":"2024-03-28T07:37:37","guid":{"rendered":"https:\/\/villapenprad.com\/wp-content\/uploads\/bretagne-avril-2018.pdf"},"modified":"2024-03-28T08:37:37","modified_gmt":"2024-03-28T07:37:37","slug":"bretagne-avril-2018-2-2","status":"inherit","type":"attachment","link":"https:\/\/villapenprad.com\/en\/bretagne-avril-2018-2-2\/","title":{"rendered":"bretagne-avril-2018"},"author":3,"comment_status":"closed","ping_status":"closed","template":"","meta":{"_monsterinsights_skip_tracking":false,"_monsterinsights_sitenote_active":false,"_monsterinsights_sitenote_note":"","_monsterinsights_sitenote_category":0},"yoast_head":"<!-- This site is optimized with the Yoast SEO plugin v20.11 - https:\/\/yoast.com\/wordpress\/plugins\/seo\/ -->\n<title>bretagne-avril-2018 - Villa Pen Prad<\/title>\n<meta name=\"robots\" content=\"index, follow, max-snippet:-1, max-image-preview:large, max-video-preview:-1\" \/>\n<link rel=\"canonical\" href=\"https:\/\/villapenprad.com\/wp-content\/uploads\/bretagne-avril-2018.pdf\" \/>\n<meta property=\"og:locale\" content=\"en_US\" \/>\n<meta property=\"og:type\" content=\"article\" \/>\n<meta property=\"og:title\" content=\"bretagne-avril-2018 - Villa Pen Prad\" \/>\n<meta property=\"og:description\" content=\"bretagne-avril-2018 Continue reading\" \/>\n<meta property=\"og:url\" content=\"https:\/\/villapenprad.com\/wp-content\/uploads\/bretagne-avril-2018.pdf\" \/>\n<meta property=\"og:site_name\" content=\"Villa Pen Prad\" \/>\n<script type=\"application\/ld+json\" class=\"yoast-schema-graph\">{\"@context\":\"https:\/\/schema.org\",\"@graph\":[{\"@type\":\"WebPage\",\"@id\":\"https:\/\/villapenprad.com\/wp-content\/uploads\/bretagne-avril-2018.pdf\",\"url\":\"https:\/\/villapenprad.com\/wp-content\/uploads\/bretagne-avril-2018.pdf\",\"name\":\"bretagne-avril-2018 - Villa Pen Prad\",\"isPartOf\":{\"@id\":\"https:\/\/villapenprad.com\/#website\"},\"datePublished\":\"2024-03-28T07:37:37+00:00\",\"dateModified\":\"2024-03-28T07:37:37+00:00\",\"breadcrumb\":{\"@id\":\"https:\/\/villapenprad.com\/wp-content\/uploads\/bretagne-avril-2018.pdf#breadcrumb\"},\"inLanguage\":\"en-US\",\"potentialAction\":[{\"@type\":\"ReadAction\",\"target\":[\"https:\/\/villapenprad.com\/wp-content\/uploads\/bretagne-avril-2018.pdf\"]}]},{\"@type\":\"BreadcrumbList\",\"@id\":\"https:\/\/villapenprad.com\/wp-content\/uploads\/bretagne-avril-2018.pdf#breadcrumb\",\"itemListElement\":[{\"@type\":\"ListItem\",\"position\":1,\"name\":\"Home\",\"item\":\"https:\/\/villapenprad.com\/\"},{\"@type\":\"ListItem\",\"position\":2,\"name\":\"bretagne-avril-2018\"}]},{\"@type\":\"WebSite\",\"@id\":\"https:\/\/villapenprad.com\/#website\",\"url\":\"https:\/\/villapenprad.com\/\",\"name\":\"Villa Pen Prad\",\"description\":\"Location de chambres d&#039;h\u00f4tes \u00e0 Belle-\u00eele-en-mer\",\"potentialAction\":[{\"@type\":\"SearchAction\",\"target\":{\"@type\":\"EntryPoint\",\"urlTemplate\":\"https:\/\/villapenprad.com\/?s={search_term_string}\"},\"query-input\":\"required name=search_term_string\"}],\"inLanguage\":\"en-US\"}]}<\/script>\n<!-- \/ Yoast SEO plugin. -->","yoast_head_json":{"title":"bretagne-avril-2018 - Villa Pen Prad","robots":{"index":"index","follow":"follow","max-snippet":"max-snippet:-1","max-image-preview":"max-image-preview:large","max-video-preview":"max-video-preview:-1"},"canonical":"https:\/\/villapenprad.com\/wp-content\/uploads\/bretagne-avril-2018.pdf","og_locale":"en_US","og_type":"article","og_title":"bretagne-avril-2018 - Villa Pen Prad","og_description":"bretagne-avril-2018 Continue reading","og_url":"https:\/\/villapenprad.com\/wp-content\/uploads\/bretagne-avril-2018.pdf","og_site_name":"Villa Pen Prad","schema":{"@context":"https:\/\/schema.org","@graph":[{"@type":"WebPage","@id":"https:\/\/villapenprad.com\/wp-content\/uploads\/bretagne-avril-2018.pdf","url":"https:\/\/villapenprad.com\/wp-content\/uploads\/bretagne-avril-2018.pdf","name":"bretagne-avril-2018 - Villa Pen Prad","isPartOf":{"@id":"https:\/\/villapenprad.com\/#website"},"datePublished":"2024-03-28T07:37:37+00:00","dateModified":"2024-03-28T07:37:37+00:00","breadcrumb":{"@id":"https:\/\/villapenprad.com\/wp-content\/uploads\/bretagne-avril-2018.pdf#breadcrumb"},"inLanguage":"en-US","potentialAction":[{"@type":"ReadAction","target":["https:\/\/villapenprad.com\/wp-content\/uploads\/bretagne-avril-2018.pdf"]}]},{"@type":"BreadcrumbList","@id":"https:\/\/villapenprad.com\/wp-content\/uploads\/bretagne-avril-2018.pdf#breadcrumb","itemListElement":[{"@type":"ListItem","position":1,"name":"Home","item":"https:\/\/villapenprad.com\/"},{"@type":"ListItem","position":2,"name":"bretagne-avril-2018"}]},{"@type":"WebSite","@id":"https:\/\/villapenprad.com\/#website","url":"https:\/\/villapenprad.com\/","name":"Villa Pen Prad","description":"Location de chambres d&#039;h\u00f4tes \u00e0 Belle-\u00eele-en-mer","potentialAction":[{"@type":"SearchAction","target":{"@type":"EntryPoint","urlTemplate":"https:\/\/villapenprad.com\/?s={search_term_string}"},"query-input":"required name=search_term_string"}],"inLanguage":"en-US"}]}},"description":{"rendered":"<p class=\"attachment\"><a href='https:\/\/villapenprad.com\/wp-content\/uploads\/bretagne-avril-2018.pdf'>bretagne-avril-2018<\/a><\/p>\n"},"caption":{"rendered":"<p>bretagne-avril-2018<\/p>\n<p class=\"continue-reading-button\"> <a class=\"continue-reading-link\" href=\"https:\/\/villapenprad.com\/en\/bretagne-avril-2018-2-2\/\">Continue reading<i class=\"crycon-right-dir\"><\/i><\/a><\/p>\n"},"alt_text":"","media_type":"file","mime_type":"application\/pdf","media_details":{"filesize":2382135,"sizes":{}},"post":null,"source_url":"https:\/\/villapenprad.com\/wp-content\/uploads\/bretagne-avril-2018.pdf","_links":{"self":[{"href":"https:\/\/villapenprad.com\/en\/wp-json\/wp\/v2\/media\/1330"}],"collection":[{"href":"https:\/\/villapenprad.com\/en\/wp-json\/wp\/v2\/media"}],"about":[{"href":"https:\/\/villapenprad.com\/en\/wp-json\/wp\/v2\/types\/attachment"}],"author":[{"embeddable":true,"href":"https:\/\/villapenprad.com\/en\/wp-json\/wp\/v2\/users\/3"}],"replies":[{"embeddable":true,"href":"https:\/\/villapenprad.com\/en\/wp-json\/wp\/v2\/comments?post=1330"}]}}

<!-- This site is optimized with the Yoast SEO plugin v20.11 - https://yoast.com/wordpress/plugins/seo/ -->
<title>bretagne-avril-2018 - Villa Pen Prad</title>
<meta name="robots" content="index, follow, max-snippet:-1, max-image-preview:large, max-video-preview:-1" />
<link rel="canonical" href="https://villapenprad.com/wp-content/uploads/bretagne-avril-2018.pdf" />
<meta property="og:locale" content="en_US" />
<meta property="og:type" content="article" />
<meta property="og:title" content="bretagne-avril-2018 - Villa Pen Prad" />
<meta property="og:description" content="bretagne-avril-2018 Continue reading" />
<meta property="og:url" content="https://villapenprad.com/wp-content/uploads/bretagne-avril-2018.pdf" />
<meta property="og:site_name" content="Villa Pen Prad" />
<script type="application/ld+json" class="yoast-schema-graph">{"@context":"https://schema.org","@graph":[{"@type":"WebPage","@id":"https://villapenprad.com/wp-content/uploads/bretagne-avril-2018.pdf","url":"https://villapenprad.com/wp-content/uploads/bretagne-avril-2018.pdf","name":"bretagne-avril-2018 - Villa Pen Prad","isPartOf":{"@id":"https://villapenprad.com/#website"},"datePublished":"2024-03-28T07:37:37+00:00","dateModified":"2024-03-28T07:37:37+00:00","breadcrumb":{"@id":"https://villapenprad.com/wp-content/uploads/bretagne-avril-2018.pdf#breadcrumb"},"inLanguage":"en-US","potentialAction":[{"@type":"ReadAction","target":["https://villapenprad.com/wp-content/uploads/bretagne-avril-2018.pdf"]}]},{"@type":"BreadcrumbList","@id":"https://villapenprad.com/wp-content/uploads/bretagne-avril-2018.pdf#breadcrumb","itemListElement":[{"@type":"ListItem","position":1,"name":"Home","item":"https://villapenprad.com/"},{"@type":"ListItem","position":2,"name":"bretagne-avril-2018"}]},{"@type":"WebSite","@id":"https://villapenprad.com/#website","url":"https://villapenprad.com/","name":"Villa Pen Prad","description":"Location de chambres d&#039;hôtes à Belle-île-en-mer","potentialAction":[{"@type":"SearchAction","target":{"@type":"EntryPoint","urlTemplate":"https://villapenprad.com/?s={search_term_string}"},"query-input":"required name=search_term_string"}],"inLanguage":"en-US"}]}</script>
<!-- / Yoast SEO plugin. -->

Location de chambres d&#039;hôtes à Belle-île-en-mer
